4 = r, -2*z - 2 + 22 = 2*l. What is the units digit of l/(-8) - (2 + 2169/(-12))?
8
What is the thousands digit of 0 + 0 + 244/8*226?
6
Let n = -7 + 12. Suppose -6*m + n = -11*m, -4*i = 4*m - 4. Suppose -v + i*v - 30 = -g, -2*v = 3*g - 92. What is the tens digit of g?
3
Let d = -2342 - -9081. What is the thousands digit of d?
6
Let u(y) = -y**2 + 6*y + 14. Let a be u(7). Suppose a*z = 5*z. Let t(s) = 3*s + 84. What is the units digit of t(z)?
4
Let g(c) = 7*c - 50. Let w be g(11). Suppose 2*d - 296 = -0*d. Suppose f + w - d = 0. What is the hundreds digit of f?
1
Suppose 4*b + 5*j - 155038 = 0, b - 97*j - 38753 = -95*j. What is the hundreds digit of b?
7
Let n = 379 + -373. What is the units digit of ((-4)/n)/(58/(-51417))?
1
Let c = 31280 + -21929. What is the tens digit of c?
5
Suppose -3*c + 10 + 2 = 2*j, -4*c - 4 = -4*j. Let a = 254 + 258. Suppose 3*f = 5*m - a, -2*f = j*m - 4*m + 101. What is the units digit of m?
3
Let q be (232/16)/(5/130). Suppose -5*h + 1257 = q. What is the units digit of h?
6
Suppose 0 = 2*d - 4*y - 30, 5*d = -y - 4*y. Suppose d*i - 16 = 4. Suppose -i*v + 3*v + 14 = 0. What is the units digit of v?
4
Let j(n) be the first derivative of 12 + 2/3*n**3 + 4*n**2 - 20*n. What is the units digit of j(5)?
0
Suppose -2*y - 34 - 4 = 0. What is the units digit of (-13 - y)*1/2?
3
Let y be (-6)/21 + (-222)/(-42). Suppose -2*s - 2*x = -x - 298, -y*x + 20 = 0. Suppose -s = -5*l + 93. What is the tens digit of l?
4
Suppose 5*b + 286 = 2*h + 3*b, -3*h - 4*b = -422. Suppose -1480 = -2*k - h. What is the tens digit of k?
6
Let r be (-5)/2 - 12138/(-28). Suppose -q = 3*w - 435, w + w - r = -q. What is the tens digit of q?
2
Let m = -37037 - -78949. What is the hundreds digit of m?
9
What is the tens digit of 3023 + (-8)/(-6)*(-27 + 21)?
1
What is the units digit of (8/10 + 0)/((-24)/180) + 3842?
6
Let i = -539 + 985. Let r = 1313 - i. What is the tens digit of r?
6
Suppose 5*m - 25 = 0, -m = -i - 27 + 5. Let g(y) = 5*y**2 + 18*y + 104. What is the thousands digit of g(i)?
1
Suppose 3*s - 27 = -s - 3*a, s - 23 = -4*a. Suppose 0 = -s*z - k + 767, -5*k = z - 3*k - 249. What is the units digit of z?
7
Suppose 53*q + 20 = 57*q. Let u be 39*q/(-15)*-11. Suppose 3*y + 86 = u. What is the tens digit of y?
1
What is the tens digit of 746/(-6)*(-165 - -48)?
4
Let p be 2685/(-8) - (-19)/((-1368)/27). Let h be 479 + (-1 - -1 - 1). Let q = p + h. What is the units digit of q?
2
Let r(a) = -a**2 - 19*a - 17. Suppose -4*s - 43 = -5*z, 2*s + 3*s + 3*z + 26 = 0. What is the tens digit of r(s)?
6
Suppose -5*s - 2*p + 109 = 0, -5*s = -2*p - 79 - 42. Suppose 4*y = -11 + s. Suppose -y*g + 3*d = 2*d - 184, -2*g + 130 = 3*d. What is the tens digit of g?
6
Let s = 1840 - 1836. Let l(g) = 24*g**2 - g + 2. Let b be l(4). Suppose -b = -5*y - 2*z, -s*y + 6*y = 2*z + 164. What is the units digit of y?
8
Let o(w) = 33*w**3 - 6*w**2 + 3*w - 4. Let y(v) = -34*v**3 + 5*v**2 - 2*v + 4. Let h(c) = 5*o(c) + 6*y(c). What is the units digit of h(-2)?
0
Let x = 194 + -134. Let r be (-2180)/(-14) + x/14 + -4. Suppose 2*m - 5*m + r = 0. What is the tens digit of m?
5
Let o(p) = 22613*p + 2379. What is the tens digit of o(2)?
0
Suppose 35*q - 9468609 = -124*q. What is the units digit of q?
1
Suppose 0 = -5*f - 2*u + 448, -5*f + 8*u - 5*u + 453 = 0. Suppose -2*m + 252 = -f. What is the hundreds digit of m?
1
Let r(x) = -64*x - 395*x - 24 - 82*x + 35. What is the hundreds digit of r(-1)?
5
Let w(i) = -i**3 - 32*i**2 + 2*i - 161. What is the tens digit of w(-33)?
6
Suppose -2*x - 4*o = 1502, 5*x + 24*o - 23*o = -3791. Let c = x + 1893. What is the units digit of c?
4
Suppose 0 = -4*i + 4*b + 3008, -2*b + 1127 = 5*i - 2626. Let y = i + -486. Suppose 125 = 2*s + 5*r, -s = 3*s + 5*r - y. What is the tens digit of s?
7
Suppose 0 = 4*v - 2*y - 54 - 100, -2*v + 82 = 4*y. Suppose 2*q = -35*w + v*w - 5898, -4*w + q + 5899 = 0. What is the units digit of w?
5
Let l = 105 - 21. Suppose 10*z = x + 15*z - 63, -4*z - l = -2*x. What is the tens digit of x?
4
What is the hundreds digit of (1 + 4362932/112)*4/3?
9
Let n(f) = f**3 + 72*f**2 - 81*f - 324. What is the thousands digit of n(-71)?
0
What is the hundreds digit of 2798 + 1 - (-40)/4?
8
Let j(p) be the third derivative of -p**4/4 + 49*p**3/3 - 21*p**2. Let k(i) = 3*i - 48. Let l(v) = -2*j(v) - 5*k(v). What is the units digit of l(0)?
4
Suppose 28*j + 1068 = -108. Suppose -1 = -c, -3*n + 3*c + 33 = -0*c. What is the tens digit of 360/14 - n/j?
2
Let o(i) = -2*i**2 - 4*i + 9. Let k be o(-5). Let h = -16 - k. Suppose -x - 69 - 31 = -3*v, -h*v - 4*x = -178. What is the units digit of v?
4
Suppose 112389 = 15*k - 4551. What is the units digit of k?
6
Suppose -g - 109728 = -6*g - 2*v, 4*v = 16. What is the thousands digit of g?
1
Let l(p) be the first derivative of -42*p**2 + 269*p + 278. What is the tens digit of l(-6)?
7
Let r(w) = -9*w - 26. Let u be r(-5). Let a = -48 + u. Let m = 2 - a. What is the tens digit of m?
3
Suppose -57376 + 12556 = -6*v. Suppose -87*i + 81*i = -v. What is the thousands digit of i?
1
Suppose -116*u + 4797707 = -2437097. What is the ten thousands digit of u?
6
Suppose -27*s = 50708 - 164783. What is the thousands digit of s?
4
Suppose 3*m + 2*j - 4 = 0, -4*j + 8 = 4*m - 0*m. Let h(u) = 2*u**2 + 51 - 73 + 2*u + 195. What is the units digit of h(m)?
3
Let a = 57 + -55. Suppose 0 = -m + a, m = -x + 3*x + 2. Suppose 10*d - 1199 - 111 = x. What is the hundreds digit of d?
1
Suppose -i - 46 = -50. Suppose 5*j - 2300 = 5*m, j - i*m = 507 - 62. What is the hundreds digit of j?
4
Let c(z) = 7 - 2*z**2 + 1034*z + 24*z**2 - 1038*z. What is the tens digit of c(4)?
4
Suppose 0 = -3*i + d - 4, -4*i = -3*d + 16 - 4. Suppose -277*v + 287*v - 6650 = i. What is the hundreds digit of v?
6
What is the thousands digit of 7/(-2 + 18477/9234)?
7
Let c be 7798/42 - ((-3)/9 + 1). Let v = -308 + c. Let u = 262 + v. What is the tens digit of u?
3
Let x(j) be the second derivative of 1/20*j**5 + 0 + 2/3*j**4 + j**3 - 6*j**2 - 20*j. What is the units digit of x(-6)?
4
Suppose 7*o + g + 224 = 19711, 5*o - 5*g = 13885. What is the thousands digit of o?
2
Let y = 17332 - 8921. What is the tens digit of y?
1
Suppose 78409 = 18*u - 97541. What is the units digit of u?
5
Let y = 198 + -191. Suppose -8*f + 115 = -y*f + 4*k, -4*k = -5*f + 551. What is the hundreds digit of f?
1
Let t be 3/9 - (-18930)/45. What is the tens digit of 8 - 120/16 - t/(-2)?
1
Let x be -2 - ((-5)/((-25)/15) + -468). Let j = x + -299. What is the tens digit of j?
6
Suppose -2*q + 3*c + 204 = q, 4*c - 8 = 0. Let u(y) = 20*y - 6. Let l be u(4). Suppose -q = b - l. What is the units digit of b?
4
Suppose 5*l + 2*u - 3083 = 1334, 0 = -2*l + 8*u + 1758. What is the tens digit of l?
8
Let h(a) = a**3 - 9*a**2 + 19*a + 10. Let l be h(5). Suppose l*z + 3110 = 10*z. What is the hundreds digit of z?
6
Let d(m) = 41*m**2 + 129*m - 62. What is the units digit of d(20)?
8
Let u = 14549 - 8565. What is the thousands digit of u?
5
Suppose -1626 = -h + 3*g, -3*h - 3*g + 2214 + 2688 = 0. Suppose 5*x - 3*o = 2053, -9*o - h = -4*x - 4*o. What is the units digit of x?
3
Let j = 172 + -194. What is the units digit of -1 + (-97954)/(-187) + (-4)/j?
3
Suppose 0 = 39*a - 67060 + 13844 - 103603. What is the hundreds digit of a?
0
Let d(t) = 11*t**3 - 25*t**2 + 129*t + 41. What is the hundreds digit of d(9)?
1
Let i = 26883 + -16455. What is the ten thousands digit of i?
1
Let g = 10387 - -30. What is the hundreds digit of g?
4
Let p(k) = -3*k**3 - 61*k**2 - 50*k + 48. What is the thousands digit of p(-28)?
9
Let j = 16993 - 10812. What is the hundreds digit of j?
1
Let t = 1296 + -978. What is the hundreds digit of t?
3
Suppose -5*q + 41*w + 145980 = 42*w, 29217 = q - 4*w. What is the hundreds digit of q?
1
Let q(i) be the third derivative of -i**6/120 - 19*i**5/60 + 3*i**4/4 - 19*i**3/6 + 72*i**2. What is the tens digit of q(-20)?
2
Let u(o) = -33*o + 39 + 27*o - 52*o. What is the units digit of u(-2)?
5
Let o(q) = 1615*q - 804. What is the thousands digit of o(38)?
0
Suppose 42 = 10*g - 3*g. Suppose 0 = 5*s - 5*i - 10, -g*i - 19 = -2*s - 9*i. Let x(n) = 26*n + 15. What is the units digit of x(s)?
5
Let s(p) = -263*p**3 - 20*p**2 - 4*p + 1. What is the hundreds digit of s(-4)?
5
Let b(s) = 2